- 4*s + 2. Let l be h(6). Calculate the greatest common factor of l and 20.
10
Let p be 1132/8 + (-2)/4. Suppose f - 700 = -4*s, p + 551 = 4*s + 3*f. Suppose -2*o + 17 = -15. Calculate the highest common factor of o and s.
16
Let c be (-1)/(1086/546 - 2). Calculate the highest common factor of 26 and c.
13
Let f = 4 - -2. Suppose 2*y + 0*y - f = 0. Suppose -j + 44 = y*j. What is the highest common factor of 11 and j?
11
Suppose 15 + 21 = 4*k. Suppose f - k = -t + 1, 5*t + 4*f = 49. Calculate the highest common factor of t and 72.
9
Let k = 664 - 961. Let d = k - -444. What is the greatest common divisor of 21 and d?
21
Let l(k) = -k**3 - 8*k**2 - 6*k + 1. Let a be l(-5). Let t be (-4)/(3 + a/12). What is the highest common factor of t and 24?
6
Let x(m) = -m + 0*m - 5 + 5. Let r be x(4). Let o(c) = -2*c**3 - 7*c**2 - 5*c - 4. Let b be o(r). What is the greatest common factor of b and 48?
16
Suppose c + 3*y - 426 = 6*y, 2*c - y = 862. Suppose h = 5*h - c. Suppose -2*v + h = -12. Calculate the highest common divisor of v and 6.
6
Let z(u) = -u**3 - 6*u**2 - 4*u - 8. Let v be z(-6). Calculate the highest common factor of v and 4.
4
Let l be (-2)/(-4) + (-318)/(-4). Calculate the greatest common factor of 10 and l.
10
Suppose -4*y - 3*h = -8*h + 15, 5*y + 3*h - 9 = 0. Suppose 0 = -3*q + 3*i + 87, q - 2*i - 15 - 16 = y. What is the greatest common factor of 3 and q?
3
Let q = 212 + -199. Calculate the highest common divisor of 156 and q.
13
Let g(f) = 48*f**2. Let y be g(-1). What is the highest common divisor of 12 and y?
12
Let h = -1 + 4. Let x(n) = -3 + 8 + n + n**3 - 2. Let m be x(h). What is the greatest common factor of m and 22?
11
Let t = -3 + -1. Let q be t/(-10) + 53/5. Let j(z) = 8*z - 3. Let f be j(10). What is the highest common divisor of f and q?
11
Suppose -264 = -13*m + 7*m. What is the greatest common factor of 55 and m?
11
Let q(g) = -g + 11. Let v(b) = -1. Let m(u) = q(u) + 5*v(u). Let a be m(0). Let p be (16/10)/(a/15). What is the highest common factor of 8 and p?
4
Let a(r) = r + 14. Let i be a(-3). Calculate the greatest common factor of 55 and i.
11
Let m(j) = 4 + 4*j - 4 + 2*j**2 - 2*j + 5. Let v be m(-5). What is the highest common divisor of v and 30?
15
Let x(i) = -16*i**3 - i**2 + i + 1. Let q be 21/4 - (-9)/12. Let s be 16/(-12) + 2/q. Let o be x(s). Calculate the greatest common factor of o and 75.
15
Suppose 4*z + 5*h = 0, 3*z - h + 5 = -6*h. Suppose -z*x + 34 = -11. Calculate the highest common divisor of x and 18.
9
Let c = 264 + -156. Let v = 26 - 14. What is the highest common factor of v and c?
12
Suppose 0 = -3*x + w - 829, 24 + 1088 = -4*x - 2*w. Let v = x - -143. Let l be 1/(-7) + v/(-7). Calculate the greatest common divisor of 76 and l.
19
Suppose 0 = 4*y - 9*y + 40. Suppose 127 + 17 = 2*p. Calculate the highest common factor of y and p.
8
Suppose 5*l + 3 = -17. Let x(w) = -w**3 - 3*w**2 + 2*w + 1. Let p be x(l). Let h = 0 + p. What is the greatest common factor of 99 and h?
9
Suppose 0 = 2*k - 4*q - 90, -5*k - q - 3*q + 253 = 0. Let o = 1 + 0. Let j be 1/(o*(-2)/(-14)). Calculate the highest common factor of k and j.
7
Let o be (-28)/(-6)*(-24)/(-16). What is the greatest common divisor of 14 and o?
7
Suppose -3*d + 0*d + 714 = 0. Suppose -d = -4*s + 210. Let z = s + -58. What is the greatest common divisor of z and 6?
6
Suppose 0 = -u - 116 - 76. Let z = 6 - u. Calculate the greatest common divisor of z and 22.
22
Suppose -2*w + 13 = -3*l, -2*w - 5*l + 1 + 4 = 0. Suppose 5*n + 2 + 24 = -s, w*n = 3*s + 38. Let c = s - -29. Calculate the greatest common factor of c and 39.
13
Let y = 136 - 110. Calculate the highest common factor of 26 and y.
26
Let u be ((-6)/4 - -2)*12. What is the highest common divisor of 66 and u?
6
Suppose -j + 1 = -11. Let c be (3 + 3)*4/6. What is the highest common divisor of c and j?
4
Let c(q) = 3*q**2 - 10*q + 1. Let n be c(-1). Suppose -4*u = 3*b - 221, 3*u + 2*b - 164 = -2*b. Calculate the highest common divisor of n and u.
14
Suppose 0 = 3*z - 5*p - 38, 5*p = z - 4*z + 28. What is the greatest common divisor of 22 and z?
11
Let o(c) = 14*c**2 - c - 1. Let t be (-2)/(1/(-1)) - 0. Suppose 5*k + 3 = -t. Let u be o(k). Calculate the greatest common factor of u and 126.
14
Suppose y + 48 = 4*y. Let w = -842 + 986. What is the greatest common divisor of y and w?
16
Let l be (-5 + -14)/(2/(-4)). Let s = -22 + l. What is the greatest common factor of 112 and s?
16
Suppose -5*g + 2*g = 0. Suppose g*t + 5*t - 5*r - 135 = 0, 5*t = -4*r + 108. Calculate the highest common divisor of t and 60.
12
Let u = -107 - -151. Calculate the highest common divisor of 22 and u.
22
Let c = -4 - -5. Suppose 5*n - 10 - 30 = 0. Calculate the highest common factor of n and c.
1
Let m = -7 - -1. Let i(j) = -j**2 - 7*j - 4. Let t be i(m). What is the highest common divisor of 3 and t?
1
Let g be (-231)/(-9) + 1/3. What is the greatest common factor of g and 39?
13
Let z(v) = 5*v - 3. Let o(q) = 0 - 5*q + 14*q - 6. Let c(w) = 6*o(w) - 10*z(w). Let p be c(6). Calculate the highest common divisor of p and 6.
6
Suppose 0 = q - 4*c - 42, -2*c + 4*c + 10 = 0. Let d = 36 - q. Suppose -5*p + s + 71 = 0, 0 = 6*s - s + 5. Calculate the highest common divisor of p and d.
14
Let m = -9 - -18. Let y be m/((-1)/2*-1). Calculate the highest common divisor of y and 18.
18
Let r(w) = 5*w + 2. Let o be r(17). Calculate the highest common factor of o and 58.
29
Suppose 3*b + 5*j - 275 = 0, -2*b + 4*j + 92 = -128. What is the greatest common factor of 20 and b?
20
Let w be ((-60)/50)/((-2)/30). Calculate the highest common factor of w and 12.
6
Suppose 0*v + 2*v + c - 178 = 0, -2*v + 172 = -2*c. What is the greatest common factor of v and 8?
8
Let v = -64 + 118. What is the highest common factor of 18 and v?
18
Let u be 1890/243 - (2 + (-20)/9). Calculate the highest common factor of u and 40.
8
Suppose -y + 0*y + 148 = 0. Suppose -m + y = 23. What is the greatest common divisor of 50 and m?
25
Let d be -1*(-1)/1*0. Suppose -m + 296 = 5*c - 5*m, d = -c - 5*m + 65. Let s = -14 - -38. What is the highest common factor of s and c?
12
Let a(c) = -c**3 + 8*c**2 - 6*c. Let u be a(4). Calculate the greatest common divisor of u and 10.
10
Let j be 1*(60 - 6/3). Let s = 81 - j. What is the highest common divisor of s and 23?
23
Suppose -2*v - 242 = -2*x, -3*x + x + 4*v = -250. What is the greatest common divisor of x and 13?
13
Suppose 4*f + 5*x - 60 - 17 = 0, -3*x = -5*f + 87. What is the greatest common divisor of 198 and f?
18
Let q(s) = 11*s - 22. Let v be q(6). Let p be -10*(-2 + 8/5). Calculate the highest common factor of p and v.
4
Suppose 12 = -u + 3*u. Calculate the greatest common divisor of u and 30.
6
Let v(l) = 5 - 1 - 4 + 2*l + 2*l**2. Let p be v(-5). Let t be (-61)/(-3) + 1/(-3). What is the highest common factor of p and t?
20
Let g be -2*(11/(-2) + 4). Calculate the greatest common divisor of g and 1.
1
Let a(m) = m**3 + 12*m**2 - 4. Let s be a(-11). Calculate the greatest common divisor of s and 13.
13
Suppose -3*v - 15 = -r, -5*r - 4*v + 0 = 1. Let s(y) = 3*y**3 + 3*y**2 - 3*y - 3. Let g be s(r). What is the highest common divisor of 12 and g?
12
Suppose 0 = -0*f + 2*f - z - 7, -2 = -4*f - 2*z. Suppose f + 37 = 3*a. What is the greatest common factor of 26 and a?
13
Let z(n) = 237*n**3 - 3*n**2 + n. Let m be z(1). What is the highest common factor of 47 and m?
47
Suppose -3*x = -4*x + 48. Let m(j) = j - 7. Let q be m(9). Suppose f + 16 = q*f. What is the greatest common factor of f and x?
16
Let c be -4 - (3 + (-32)/2). Suppose -3*j + 4*m = -23, -3*m = -2*m - 1. Calculate the greatest common factor of c and j.
9
Suppose -4*q + 36 = -0*q. Suppose t + 0*s - 59 = 4*s, 2*t - 123 = 3*s. Suppose -2*v + t = -v. What is the highest common factor of q and v?
9
Suppose a - 77 + 17 = 0. Suppose -198 = -6*u - a. What is the highest common factor of u and 23?
23
Let u be 1*(-2 + 2 + 0). Suppose -3*o + 3 = -u*o. Calculate the highest common divisor of 7 and o.
1
Let w = 9 + -5. Let t be (8 - 2)/(w/10). Calculate the highest common divisor of t and 6.
3
Let l = 39 + -28. Let t be 11/(2 + (-45)/25). What is the greatest common factor of l and t?
11
Let h(s) = -s**2 - s - 101. Let v be h(0). Let u be 5*-3*730/75. Let d = v - 